{"id":803,"date":"2023-08-07T13:57:49","date_gmt":"2023-08-07T13:57:49","guid":{"rendered":"https:\/\/grundschule-fah.de\/?page_id=803"},"modified":"2025-07-07T10:03:33","modified_gmt":"2025-07-07T08:03:33","slug":"803-2","status":"publish","type":"page","link":"https:\/\/grundschule-fah.de\/?page_id=803","title":{"rendered":"Unterst\u00fctzte Projekte"},"content":{"rendered":"\n<p>Juli 2025<\/p>\n\n\n\n<h3 class=\"wp-block-heading\"><strong>1.000 Euro durch Pfandbons: Edeka-Kund*innen spenden f\u00fcr bunte Schulprojekte<\/strong><\/h3>\n\n\n\n<figure class=\"wp-block-image size-large\"><img loading=\"lazy\" decoding=\"async\" width=\"1024\" height=\"564\" src=\"https:\/\/grundschule-fah.de\/wp-content\/uploads\/2025\/07\/20250625_155359-Foto-1024x564.jpg\" alt=\"\" class=\"wp-image-1861\" srcset=\"https:\/\/grundschule-fah.de\/wp-content\/uploads\/2025\/07\/20250625_155359-Foto-980x540.jpg 980w, https:\/\/grundschule-fah.de\/wp-content\/uploads\/2025\/07\/20250625_155359-Foto-480x265.jpg 480w\" sizes=\"(min-width: 0px) and (max-width: 480px) 480px, (min-width: 481px) and (max-width: 980px) 980px, (min-width: 981px) 1024px, 100vw\" \/><\/figure>\n\n\n\n<p><\/p>\n\n\n\n<p>Seit dem 17. Juni 2024 h\u00e4ngt im E-Center Lehrke in Nordenham ein ganz besonderer Kasten direkt neben dem Leergutautomaten: der Pfandbon-Spendenkasten. Viele Kundinnen und Kunden des Marktes haben dort in den vergangenen Monaten ihre Pfandbons zugunsten eines Schulprojekts eingeworfen \u2013 mit gro\u00dfem Erfolg.<\/p>\n\n\n\n<p>Anfang Juni 2025 war es soweit: Die gesammelten Bons wurden an der Kasse eingescannt \u2013 und die Summe kann sich sehen lassen. Genau <strong>1.000 Euro<\/strong> sind zusammengekommen!<\/p>\n\n\n\n<p>Mit dem gespendeten Geld m\u00f6chten wir den Schulhof bunter und bewegungsfreundlicher gestalten und weitere kreative Projekte f\u00fcr die Kinder ansto\u00dfen.<\/p>\n\n\n\n<p>Der Pfandbon-Kasten bleibt \u00fcbrigens weiterhin im E-Center h\u00e4ngen \u2013 und freut sich auf neue Bons.<\/p>\n\n\n\n<p><strong>Ein herzliches Dankesch\u00f6n<\/strong> an alle Edeka-Kund*innen, die mit ihrer Spende dazu beitragen, den Schulalltag unserer Kinder sch\u00f6ner und lebendiger zu machen!<\/p>\n\n\n\n<p>Juni 2025<\/p>\n\n\n\n<figure class=\"wp-block-image size-large is-resized\"><img loading=\"lazy\" decoding=\"async\" width=\"782\" height=\"1024\" src=\"https:\/\/grundschule-fah.de\/wp-content\/uploads\/2025\/06\/IMG_5132-782x1024.jpeg\" alt=\"\" class=\"wp-image-1857\" style=\"width:823px;height:auto\"\/><figcaption class=\"wp-element-caption\">Der F\u00f6rderverein hat neue Sitzs\u00e4cke f\u00fcr die B\u00fccherei angeschafft. Sie wurden sofort ausgepackt und getestet!<br>&nbsp;<\/figcaption><\/figure>\n\n\n\n<p>M\u00e4rz 2025<\/p>\n\n\n\n<figure class=\"wp-block-image size-large\"><img loading=\"lazy\" decoding=\"async\" width=\"843\" height=\"1024\" src=\"https:\/\/grundschule-fah.de\/wp-content\/uploads\/2025\/03\/IMG_1198-843x1024.jpeg\" alt=\"\" class=\"wp-image-1706\"\/><\/figure>\n\n\n\n<p>Der F\u00f6rderverein der Grundschule Friedrich-August-H\u00fctte hat einen Scheck in H\u00f6he von 500 Euro bekommen. Das Geld stammt von der Raiffeisenbank Butjadingen-Abbehausen.&nbsp;<\/p>\n\n\n\n<p>Dank der finanziellen Unterst\u00fctzung war es dem F\u00f6rderverein m\u00f6glich, zahlreiche B\u00fccher und Lernspiele f\u00fcr die Schulb\u00fccherei der Grundschule FAH anzuschaffen.<\/p>\n\n\n\n<p>Ein besonderer Dank geht an die Buchhandlung Bestenbostel f\u00fcr die gute Beratung bei der Auswahl der B\u00fccher und f\u00fcr die zus\u00e4tzlichen Buchgeschenke bei der \u00dcbergabe der B\u00fccher.<\/p>\n\n\n\n<p><\/p>\n\n\n\n<h2 class=\"wp-block-heading\">Pfandbon-Spendenkasten<\/h2>\n\n\n\n<p>September 2024<\/p>\n\n\n\n<figure class=\"wp-block-image size-large\"><img loading=\"lazy\" decoding=\"async\" width=\"1024\" height=\"1024\" src=\"https:\/\/grundschule-fah.de\/wp-content\/uploads\/2024\/09\/IMG_3121-2-1024x1024.jpeg\" alt=\"\" class=\"wp-image-1526\" srcset=\"https:\/\/grundschule-fah.de\/wp-content\/uploads\/2024\/09\/IMG_3121-2-980x980.jpeg 980w, https:\/\/grundschule-fah.de\/wp-content\/uploads\/2024\/09\/IMG_3121-2-480x480.jpeg 480w\" sizes=\"(min-width: 0px) and (max-width: 480px) 480px, (min-width: 481px) and (max-width: 980px) 980px, (min-width: 981px) 1024px, 100vw\" \/><\/figure>\n\n\n\n<p>Tadaaa!!!<\/p>\n\n\n\n<p>Unser Pfandbon-Spendenkasten kann ab sofort mit Euren @edekacenterlehrke Pfandbons gef\u00fcllt werden.<\/p>\n\n\n\n<p>Wir freuen uns sehr uber die Unterst\u00fctzung des @edekacenterlehrke Nordenham und die M\u00f6glichkeit ganz unkompliziert Eure Spenden zu erhalten.<\/p>\n\n\n\n<p>Vielen Dank f\u00fcr Eure Spende<\/p>\n\n\n\n<p><\/p>\n\n\n\n<p><\/p>\n\n\n\n<figure class=\"wp-block-image size-large\"><img loading=\"lazy\" decoding=\"async\" width=\"745\" height=\"1024\" src=\"https:\/\/grundschule-fah.de\/wp-content\/uploads\/2024\/09\/IMG_3125-745x1024.jpeg\" alt=\"\" class=\"wp-image-1529\" srcset=\"https:\/\/grundschule-fah.de\/wp-content\/uploads\/2024\/09\/IMG_3125-745x1024.jpeg 745w, https:\/\/grundschule-fah.de\/wp-content\/uploads\/2024\/09\/IMG_3125-480x659.jpeg 480w\" sizes=\"(min-width: 0px) and (max-width: 480px) 480px, (min-width: 481px) 745px, 100vw\" \/><\/figure>\n\n\n\n<p>Buchspende des F\u00f6rdervereins<\/p>\n\n\n\n<p>von Grundschule, den 05.05.2024<\/p>\n\n\n\n<p><\/p>\n\n\n\n<p><\/p>\n","protected":false},"excerpt":{"rendered":"<p>Juli 2025 1.000 Euro durch Pfandbons: Edeka-Kund*innen spenden f\u00fcr bunte Schulprojekte Seit dem 17. Juni 2024 h\u00e4ngt im E-Center Lehrke in Nordenham ein ganz besonderer Kasten direkt neben dem Leergutautomaten: der Pfandbon-Spendenkasten. Viele Kundinnen und Kunden des Marktes haben dort in den vergangenen Monaten ihre Pfandbons zugunsten eines Schulprojekts eingeworfen \u2013 mit gro\u00dfem Erfolg. Anfang [&hellip;]<\/p>\n","protected":false},"author":1,"featured_media":0,"parent":270,"menu_order":0,"comment_status":"closed","ping_status":"closed","template":"","meta":{"_et_pb_use_builder":"off","_et_pb_old_content":"","_et_gb_content_width":"","footnotes":""},"class_list":["post-803","page","type-page","status-publish","hentry"],"_links":{"self":[{"href":"https:\/\/grundschule-fah.de\/index.php?rest_route=\/wp\/v2\/pages\/803","targetHints":{"allow":["GET"]}}],"collection":[{"href":"https:\/\/grundschule-fah.de\/index.php?rest_route=\/wp\/v2\/pages"}],"about":[{"href":"https:\/\/grundschule-fah.de\/index.php?rest_route=\/wp\/v2\/types\/page"}],"author":[{"embeddable":true,"href":"https:\/\/grundschule-fah.de\/index.php?rest_route=\/wp\/v2\/users\/1"}],"replies":[{"embeddable":true,"href":"https:\/\/grundschule-fah.de\/index.php?rest_route=%2Fwp%2Fv2%2Fcomments&post=803"}],"version-history":[{"count":9,"href":"https:\/\/grundschule-fah.de\/index.php?rest_route=\/wp\/v2\/pages\/803\/revisions"}],"predecessor-version":[{"id":1863,"href":"https:\/\/grundschule-fah.de\/index.php?rest_route=\/wp\/v2\/pages\/803\/revisions\/1863"}],"up":[{"embeddable":true,"href":"https:\/\/grundschule-fah.de\/index.php?rest_route=\/wp\/v2\/pages\/270"}],"wp:attachment":[{"href":"https:\/\/grundschule-fah.de\/index.php?rest_route=%2Fwp%2Fv2%2Fmedia&parent=803"}],"curies":[{"name":"wp","href":"https:\/\/api.w.org\/{rel}","templated":true}]}}